ase 14, what is -c - -38?
2a
In base 10, what is 4539 + -5?
4534
In base 3, what is -1 - -1010121?
1010120
In base 16, what is 97 - -b?
a2
In base 7, what is 24 + -236?
-212
In base 13, what is 5 + b0?
b5
In base 11, what is 373a - 2?
3738
In base 13, what is -6 + -9b2?
-9b8
In base 7, what is -151 - 13?
-164
In base 13, what is -3 + -12c?
-132
In base 2, what is -1 + -11100100000?
-11100100001
In base 5, what is -1 + -300?
-301
In base 7, what is 6 - -52?
61
In base 10, what is -63 - -100?
37
In base 6, what is -4 - 1041?
-1045
In base 2, what is -111 - -10011011?
10010100
In base 6, what is -15 + 1321?
1302
In base 5, what is 3 - -1241?
1244
In base 16, what is -6 - 1a?
-20
In base 8, what is 244 - -23?
267
In base 3, what is 112200 - -2?
112202
In base 11, what is -1a2 + -2?
-1a4
In base 2, what is 110010 + -1000?
101010
In base 13, what is -870 - 4?
-874
In base 16, what is 8 + 2ba?
2c2
In base 7, what is 3 + 2041?
2044
In base 10, what is 44 - -150?
194
In base 16, what is 6 - f?
-9
In base 12, what is -116 - -11?
-105
In base 16, what is e - -37?
45
In base 2, what is 100000101010001 + 1?
100000101010010
In base 11, what is -4 - -2112?
2109
In base 2, what is -110001 - 1111110?
-10101111
In base 9, what is 222 - 87?
124
In base 6, what is 3423 - 5?
3414
In base 10, what is -26 + 2?
-24
In base 5, what is -20 + -2224?
-2244
In base 4, what is 2 - 203?
-201
In base 3, what is 12211 - 122?
12012
In base 14, what is -1a7 + -5?
-1ac
In base 6, what is 3 + 23144?
23151
In base 10, what is -4 + 30?
26
In base 13, what is 1b2 - 60?
152
In base 14, what is -4 + -36b?
-371
In base 11, what is -270 - -8?
-263
In base 11, what is -4 + 421?
418
In base 13, what is -565a - 3?
-5660
In base 4, what is 1033230 + 2?
1033232
In base 5, what is 10 + -41?
-31
In base 2, what is 1111101 + 1?
1111110
In base 5, what is 10 + 10004?
10014
In base 16, what is -42 + 3?
-3f
In base 16, what is 2 - 15?
-13
In base 16, what is -5 + -4f?
-54
In base 6, what is 233 - 2?
231
In base 11, what is 5 - 190?
-186
In base 7, what is -2 + 35?
33
In base 6, what is 0 + -25?
-25
In base 9, what is -1 - -452?
451
In base 16, what is -5 - 19?
-1e
In base 12, what is 4 - 238?
-234
In base 14, what is -8 + -a?
-14
In base 13, what is -66 - 0?
-66
In base 8, what is -113 - 13?
-126
In base 13, what is cb3 - -5?
cb8
In base 16, what is a - 15?
-b
In base 14, what is 2 + -29d?
-29b
In base 10, what is -20 - -17?
-3
In base 5, what is 2 - -440?
442
In base 9, what is 2 - -22?
24
In base 4, what is -1131 + 1?
-1130
In base 2, what is 1 + -11000111?
-11000110
In base 11, what is 1 + 114?
115
In base 13, what is -3 - 154?
-157
In base 13, what is -39 - 172?
-1ab
In base 13, what is 0 + 41?
41
In base 9, what is 2 - -1?
3
In base 6, what is 52 - -3?
55
In base 12, what is 5 + 201?
206
In base 5, what is 3103 + -4?
3044
In base 13, what is 16 + -3b9?
-3a3
In base 10, what is -54 + 2?
-52
In base 9, what is -12 - -11?
-1
In base 10, what is -167 - 5?
-172
In base 11, what is 3 + 48?
50
In base 9, what is 670 - 2?
667
In base 15, what is -6 + -a?
-11
In base 15, what is -ae - 5?
-b4
In base 12, what is -2089 + -3?
-2090
In base 7, what is 134 + -3?
131
In base 6, what is -23345 + 5?
-23340
In base 11, what is -1 + 206?
205
In base 14, what is 4 - -3380?
3384
In base 11, what is a447 - -5?
a451
In base 16, what is 166 - -2?
168
In base 9, what is 0 + -132?
-132
In base 11, what is -8 + -7?
-14
In base 8, what is -45 - 5?
-52
In base 15, what is -3 - -15ce?
15cb
In base 4, what is -113 - -23?
-30
In base 2, what is -10000 - 111010?
-1001010
In base 10, what is -117 + -4?
-121
In base 8, what is -35 + -32?
-67
In base 10, what is 175 - -2?
177
In base 13, what is -99 + 0?
-99
In base 10, what is -5968 + -1?
-5969
In base 6, what is 5 - 10?
-1
In base 13, what is -2 + 40?
3b
In base 11, what is 15 - 2a?
-15
In base 12, what is 9 + -16?
-9
In base 8, what is -121 + 4?
-115
In base 8, what is 1 + -274?
-273
In base 4, what is 2 + -121000?
-120332
In base 14, what is -1c - 20?
-3c
In base 10, what is 1 + -38?
-37
In base 2, what is -101 - 11101110001?
-11101110110
In base 14, what is 45b - -1?
45c
In base 13, what is -10a - 3?
-110
In base 16, what is 0 + 105c?
105c
In base 6, what is 3 + -334?
-331
In base 12, what is -11 - -8?
-5
In base 13, what is 150 + 18?
168
In base 13, what is 4 + 907?
90b
In base 7, what is 13 + 12?
25
In base 7, what is -23 + 162?
136
In base 3, what is 12 - 222?
-210
In base 11, what is 1 - -9a1?
9a2
In base 12, what is 4 + 69?
71
In base 2, what is -1011001 - 11?
-1011100
In base 13, what is 55 - -4?
59
In base 8, what is -213 + 7?
-204
In base 8, what is 1 - 3476?
-3475
In base 12, what is -6 - -98?
92
In base 8, what is -161 - 4?
-165
In base 13, what is 2936 - 1?
2935
In base 3, what is 2 - 1?
1
In base 10, what is -5 - -315?
310
In base 16, what is 6 + -3?
3
In base 9, what is 5 - -1652?
1657
In base 4, what is 0 - -113?
113
In base 4, what is 2001 - -2?
2003
In base 4, what is 1233 + 10?
1303
In base 11, what is -52 - 0?
-52
In base 6, what is -2 + -215?
-221
In base 9, what is -2 + -6371?
-6373
In base 6, what is -242 - -2?
-240
In base 3, what is -1102 - 21?
-1200
In base 2, what is -11000101 - 101?
-11001010
In base 6, what is -22 + -10225?
-10251
In base 13, what is 234a + 3?
2350
In base 8, what is 3 - -1271?
1274
In base 7, what is -4 - 2653?
-2660
In base 12, what is 196 - 0?
196
In base 8, what is 4 - 236?
-232
In base 4, what is 0 - -213?
213
In base 6, what is -11 - 0?
-11
In base 13, what is -1c28 - 3?
-1c2b
In base 4, what is 10 - 23210?
-23200
In base 14, what is -c - 3a3?
-3b1
In base 6, what is 415 + 41?
500
In base 2, what is -10110011101 + 0?
-10110011101
In base 2, what is -1100011 + 1?
-1100010
In base 7, what is 135 + -23?
112
In base 16, what is -52 - -3?
-4f
In base 9, what is 0 - 16?
-16
In base 7, what is 3 - 10202?
-10166
In base 8, what is 22 - 75?
-53
In base 12, what is -12 + 3?
-b
In base 7, what is -3 + 15?
12
In base 4, what is 1 - 232?
-231
In base 15, what is -11 + -50?
-61
In base 15, what is -1a91 - 4?
-1a95
In base 3, what is -22211 + -202?
-100120
In base 4, what is 3200 + 0?
3200
In base 8, what is -232 + -33?
-265
In base 16, what is 15 + -c?
9
In base 16, what is 3 + -3c?
-39
In base 16, what is -6 - -2a?
24
In base 2, what is 0 + 10011001?
10011001
In base 16, what is -cad + -2?
-caf
In base 16, what is -294 + 3?
-291
In base 7, what is 16 + -6?
10
In base 16, what is 6 + 6e?
74
In base 5, what is -10321 + 14?
-10302
In base 9, what is 1245 + 1?
1246
In base 5, what is -13233 - 10?
-13243
In base 5, what is -4 + 443?
434
In base 9, what is 10057 + 3?
10061
In base 11, what is -3 + 55?
52
In base 11, what is 3 - 367?
-364
In base 16, what is 19a + 0?
19a
In base 15, what is 7d - -33?
b1
In base 2, what is -1001110011 + 11?
-1001110000
In base 4, what is -13323 + -11?
-20000
In base 3, what is -12 + 100210101?
100210012
In base 15, what is 22 - -44?
66
In base 6, what is 0 - -51?
51
In base 4, what is -3232 + -1?
-3233
In base 4, what is -2 + -1000?
-1002
In base 6, what is -5 + -12?
-21
In base 15, what is -1b6 + -4?
-1ba
In base 2, what is -111000111110010 - -1?
-111000111110001
In base 10, what is -688 + -4?
-692
In base 2, what is -1101111 + 11110?
-1010001
In base 16, what is 1a5 - 3?
1a2
In base 6, what is 1 - 53005?
-53004
In base 11, what is -1 - 74?
-75
In base 13, what is 16 + 103?
119
In base 5, what is 4 - -242?
301
In base 14, what is -18a3 + 5?
-189c
In base 14, what is -274 - 5?
-279
In base 6, what is 5521 + -1?
5520
In base 7, what is 112 + -200?
-55
In base 5, what is -4 + -401?
-410
In base 3, what is -2000000 - 2?
-2000002
In base 12, what is 72 - 0?
72
In base 4, what is -13 - -101003?
100330
In base 11, what is -6 + -36?
-41
In base 2, what is 111100 + 10110?
1010010
In base 7, what is -1 + -23?
-24
In base 12, what is -8 - 39?
-45
In base 12, what is 0 + -111?
-111
In base 3, what is -11 - 1001?
-1012
In base 14, what is -2 - b?
-d
In base 14, what is -231 + -2?
-233
In base 4, what is -1 + -210?
-211
In base 8, what is -6 - -764?
756
In base 9, what is -4843 + 0?
-4843
In base 11, what is -5 - 339?
-343
In base 9, what is -84 - -4?
-80
In base 2, what is -10001 - -1100101100?
1100011011
In base 5, w